{"id":150,"date":"2025-07-16T10:43:36","date_gmt":"2025-07-16T15:43:36","guid":{"rendered":"https:\/\/alicropsac.com.pe\/?post_type=product&#038;p=150"},"modified":"2025-09-17T17:19:17","modified_gmt":"2025-09-17T22:19:17","slug":"semilla-de-arveja-super-mejorada-quantum-alicrop","status":"publish","type":"product","link":"https:\/\/alicropsac.com.pe\/index.php\/producto\/semilla-de-arveja-super-mejorada-quantum-alicrop\/","title":{"rendered":"Semilla De Arveja Super Mejorada Quantum 25 Kl Alicrop"},"content":{"rendered":"<ul>\n<li>Arveja de muy alto potencial de producci\u00f3n. Planta de porte mediano. Vaina corta con 7 a 8 granos en su interior. Presenta nudos dobles, triples y cu\u00e1druples, lo que hace que su producci\u00f3n sea muy superior a otras variedades.<\/li>\n<li>Recomendada para zonas de sierra (todo el a\u00f1o) y costa (en \u00e9poca de invierno). Dosis de siembra de 50 Kg en promedio. Sin embargo, en algunas zonas de Sierra Central emplean densidades m\u00e1s altas, incrementando tambi\u00e9n el abonamiento.<\/li>\n<\/ul>\n","protected":false},"excerpt":{"rendered":"<p>Arveja de muy alto potencial de producci\u00f3n<\/p>\n","protected":false},"featured_media":1463,"comment_status":"open","ping_status":"closed","template":"","meta":{"_acf_changed":false},"product_brand":[],"product_cat":[17],"product_tag":[],"class_list":{"0":"post-150","1":"product","2":"type-product","3":"status-publish","4":"has-post-thumbnail","6":"product_cat-seeds","8":"first","9":"instock","10":"shipping-taxable","11":"product-type-simple"},"acf":[],"_links":{"self":[{"href":"https:\/\/alicropsac.com.pe\/index.php\/wp-json\/wp\/v2\/product\/150","targetHints":{"allow":["GET"]}}],"collection":[{"href":"https:\/\/alicropsac.com.pe\/index.php\/wp-json\/wp\/v2\/product"}],"about":[{"href":"https:\/\/alicropsac.com.pe\/index.php\/wp-json\/wp\/v2\/types\/product"}],"replies":[{"embeddable":true,"href":"https:\/\/alicropsac.com.pe\/index.php\/wp-json\/wp\/v2\/comments?post=150"}],"wp:featuredmedia":[{"embeddable":true,"href":"https:\/\/alicropsac.com.pe\/index.php\/wp-json\/wp\/v2\/media\/1463"}],"wp:attachment":[{"href":"https:\/\/alicropsac.com.pe\/index.php\/wp-json\/wp\/v2\/media?parent=150"}],"wp:term":[{"taxonomy":"product_brand","embeddable":true,"href":"https:\/\/alicropsac.com.pe\/index.php\/wp-json\/wp\/v2\/product_brand?post=150"},{"taxonomy":"product_cat","embeddable":true,"href":"https:\/\/alicropsac.com.pe\/index.php\/wp-json\/wp\/v2\/product_cat?post=150"},{"taxonomy":"product_tag","embeddable":true,"href":"https:\/\/alicropsac.com.pe\/index.php\/wp-json\/wp\/v2\/product_tag?post=150"}],"curies":[{"name":"wp","href":"https:\/\/api.w.org\/{rel}","templated":true}]}}