{"id":162,"date":"2025-07-16T11:22:07","date_gmt":"2025-07-16T16:22:07","guid":{"rendered":"https:\/\/alicropsac.com.pe\/?post_type=product&#038;p=162"},"modified":"2025-07-21T12:17:37","modified_gmt":"2025-07-21T17:17:37","slug":"semilla-de-culantro-long-stading-mejorado","status":"publish","type":"product","link":"https:\/\/alicropsac.com.pe\/index.php\/producto\/semilla-de-culantro-long-stading-mejorado\/","title":{"rendered":"Semilla de culantro long stading mejorado"},"content":{"rendered":"<p>CARACTERISTICAS<\/p>\n<p>Esta variedad, desarrollada para climas fr\u00edos, posee un aroma y sabor excepcionales. Es una selecci\u00f3n mejorada que produce altos rendimientos de cilantro verde oscuro, arom\u00e1tico y de hoja ancha. Tiene una planta de tama\u00f1o mediano con un excelente sistema radicular. Es tolerante al espigado y est\u00e1 disponible tanto en semilla entera como partida.<br \/>\nSemilla partida: Una semilla de cilantro es en realidad dos semillas en una: cada semilla redonda contiene dos semillas de cilantro rodeadas por una c\u00e1scara esf\u00e9rica.<br \/>\nLa semilla entera reduce la calidad, ya que se plantan dos semillas que compiten por los recursos. Para lograr una<br \/>\nproducci\u00f3n m\u00e1s uniforme y de mayor calidad, PanDia Seeds ofrece semilla partida de primera calidad en la mayor\u00eda de sus productos de cilantro, lo que permite una siembra m\u00e1s precisa de una planta por<br \/>\nsemilla y resulta en una producci\u00f3n m\u00e1s temprana y de mayor calidad.<\/p>\n","protected":false},"excerpt":{"rendered":"<p>CARACTERISTICAS Esta variedad, desarrollada para climas fr\u00edos, posee un aroma y sabor excepcionales. Es una selecci\u00f3n mejorada que produce altos rendimientos de cilantro verde oscuro, arom\u00e1tico y de hoja ancha. Tiene una planta de tama\u00f1o mediano con un excelente sistema radicular. Es tolerante al espigado y est\u00e1 disponible tanto en semilla entera como partida. Semilla [&hellip;]<\/p>\n","protected":false},"featured_media":1361,"comment_status":"open","ping_status":"closed","template":"","meta":{"_acf_changed":false},"product_brand":[],"product_cat":[17],"product_tag":[],"class_list":{"0":"post-162","1":"product","2":"type-product","3":"status-publish","4":"has-post-thumbnail","6":"product_cat-seeds","8":"first","9":"instock","10":"shipping-taxable","11":"product-type-simple"},"acf":[],"_links":{"self":[{"href":"https:\/\/alicropsac.com.pe\/index.php\/wp-json\/wp\/v2\/product\/162","targetHints":{"allow":["GET"]}}],"collection":[{"href":"https:\/\/alicropsac.com.pe\/index.php\/wp-json\/wp\/v2\/product"}],"about":[{"href":"https:\/\/alicropsac.com.pe\/index.php\/wp-json\/wp\/v2\/types\/product"}],"replies":[{"embeddable":true,"href":"https:\/\/alicropsac.com.pe\/index.php\/wp-json\/wp\/v2\/comments?post=162"}],"wp:featuredmedia":[{"embeddable":true,"href":"https:\/\/alicropsac.com.pe\/index.php\/wp-json\/wp\/v2\/media\/1361"}],"wp:attachment":[{"href":"https:\/\/alicropsac.com.pe\/index.php\/wp-json\/wp\/v2\/media?parent=162"}],"wp:term":[{"taxonomy":"product_brand","embeddable":true,"href":"https:\/\/alicropsac.com.pe\/index.php\/wp-json\/wp\/v2\/product_brand?post=162"},{"taxonomy":"product_cat","embeddable":true,"href":"https:\/\/alicropsac.com.pe\/index.php\/wp-json\/wp\/v2\/product_cat?post=162"},{"taxonomy":"product_tag","embeddable":true,"href":"https:\/\/alicropsac.com.pe\/index.php\/wp-json\/wp\/v2\/product_tag?post=162"}],"curies":[{"name":"wp","href":"https:\/\/api.w.org\/{rel}","templated":true}]}}