{"id":186,"date":"2025-07-16T13:08:24","date_gmt":"2025-07-16T18:08:24","guid":{"rendered":"https:\/\/alicropsac.com.pe\/?post_type=product&#038;p=186"},"modified":"2025-07-21T11:42:47","modified_gmt":"2025-07-21T16:42:47","slug":"bioestimulante-enraizante-de-alta-eficacia","status":"publish","type":"product","link":"https:\/\/alicropsac.com.pe\/index.php\/producto\/bioestimulante-enraizante-de-alta-eficacia\/","title":{"rendered":"Raici"},"content":{"rendered":"<p><strong>Bioestimulante enraizante de alta eficacia<\/strong><\/p>\n<p>&nbsp;<\/p>\n<p><strong>Raici<\/strong><sup>\u00ae<\/sup>\u00a0es un enraizante l\u00edquido que estimula el crecimiento y producci\u00f3n de ra\u00edces en los diferentes cultivos, esquejes, bulbos y estacas. Su f\u00f3rmula especial promueve un desarrollo radicular fuerte y activo que optimiza el aprovechamiento de los nutrientes por la planta y favorece la s\u00edntesis y el transporte de sustancias desde la ra\u00edz a la parte a\u00e9rea de la planta.<\/p>\n<p>Inductor del desarrollo radicular<\/p>\n<p>Su empleo durante el cultivo ayuda a la regeneraci\u00f3n de nuevas ra\u00edces y pelos absorbentes. Tambi\u00e9n se puede aplicar en las situaciones de estr\u00e9s h\u00eddrico provocadas por condiciones ambientales o de cultivo adversas.<\/p>\n<p>MODO DE EMPLEO Y DOSIS<\/p>\n<p><strong>Raici<\/strong><sup>\u00ae<\/sup>\u00a0es un producto indicado para su aplicaci\u00f3n en todo tipo de hort\u00edcolas (tomate, pimiento, jud\u00eda, calabac\u00edn, mel\u00f3n, sand\u00eda, etc.), frutales, c\u00edtricos, olivo, vid, platanera, forestales y cultivos tropicales.<\/p>\n<p><strong>Raici<\/strong><sup>\u00ae<\/sup>\u00a0mejora el desarrollo radicular en el postrasplante y en el momento de la brotaci\u00f3n. Su utilizaci\u00f3n continuada durante el cultivo mejora la producci\u00f3n.<\/p>\n<p><strong>V\u00eda radicular<\/strong>: De 3 a 5 l\/ha, en los primeros riegos despu\u00e9s de la plantaci\u00f3n. En cultivos adultos aplicar al inicio de primavera para mejorar el desarrollo radicular.<\/p>\n","protected":false},"excerpt":{"rendered":"<p>Bioestimulante enraizante de alta eficacia &nbsp; Raici\u00ae\u00a0es un enraizante l\u00edquido que estimula el crecimiento y producci\u00f3n de ra\u00edces en los diferentes cultivos, esquejes, bulbos y estacas. Su f\u00f3rmula especial promueve un desarrollo radicular fuerte y activo que optimiza el aprovechamiento de los nutrientes por la planta y favorece la s\u00edntesis y el transporte de sustancias [&hellip;]<\/p>\n","protected":false},"featured_media":1351,"comment_status":"open","ping_status":"closed","template":"","meta":{"_acf_changed":false},"product_brand":[],"product_cat":[22],"product_tag":[],"class_list":{"0":"post-186","1":"product","2":"type-product","3":"status-publish","4":"has-post-thumbnail","6":"product_cat-enrraizante","8":"first","9":"instock","10":"shipping-taxable","11":"product-type-simple"},"acf":[],"_links":{"self":[{"href":"https:\/\/alicropsac.com.pe\/index.php\/wp-json\/wp\/v2\/product\/186","targetHints":{"allow":["GET"]}}],"collection":[{"href":"https:\/\/alicropsac.com.pe\/index.php\/wp-json\/wp\/v2\/product"}],"about":[{"href":"https:\/\/alicropsac.com.pe\/index.php\/wp-json\/wp\/v2\/types\/product"}],"replies":[{"embeddable":true,"href":"https:\/\/alicropsac.com.pe\/index.php\/wp-json\/wp\/v2\/comments?post=186"}],"wp:featuredmedia":[{"embeddable":true,"href":"https:\/\/alicropsac.com.pe\/index.php\/wp-json\/wp\/v2\/media\/1351"}],"wp:attachment":[{"href":"https:\/\/alicropsac.com.pe\/index.php\/wp-json\/wp\/v2\/media?parent=186"}],"wp:term":[{"taxonomy":"product_brand","embeddable":true,"href":"https:\/\/alicropsac.com.pe\/index.php\/wp-json\/wp\/v2\/product_brand?post=186"},{"taxonomy":"product_cat","embeddable":true,"href":"https:\/\/alicropsac.com.pe\/index.php\/wp-json\/wp\/v2\/product_cat?post=186"},{"taxonomy":"product_tag","embeddable":true,"href":"https:\/\/alicropsac.com.pe\/index.php\/wp-json\/wp\/v2\/product_tag?post=186"}],"curies":[{"name":"wp","href":"https:\/\/api.w.org\/{rel}","templated":true}]}}