{"id":188,"date":"2025-07-16T13:12:06","date_gmt":"2025-07-16T18:12:06","guid":{"rendered":"https:\/\/alicropsac.com.pe\/?post_type=product&#038;p=188"},"modified":"2025-07-21T11:14:28","modified_gmt":"2025-07-21T16:14:28","slug":"lidamin-radicular","status":"publish","type":"product","link":"https:\/\/alicropsac.com.pe\/index.php\/producto\/lidamin-radicular\/","title":{"rendered":"LIBAMIN Radicular"},"content":{"rendered":"<h2>Activador del sistema radicular<\/h2>\n<h3><strong>CARACTER\u00cdSTICAS<\/strong><\/h3>\n<p><strong>Libamin<\/strong><sup>\u00ae<\/sup>\u00a0<strong>radicular<\/strong>\u00a0es un formulado l\u00edquido a base de NPK con micronutrientes quelatados conteniendo amino\u00e1cidos para la estimulaci\u00f3n del sistema radicular.<\/p>\n<p><strong>Libamin<\/strong><sup>\u00ae<\/sup>\u00a0<strong>radicular<\/strong>\u00a0es un bioestimulante a base de amino\u00e1cidos y extractos vegetales ricos en compuestos energ\u00e9ticos, especialmente dise\u00f1ado para la estimulaci\u00f3n del sistema radicular. Est\u00e1 especialmente indicado para los momentos de enraizamiento despu\u00e9s de la plantaci\u00f3n y en aquellos casos que sea preciso un mayor desarrollo de la parte radicular.<\/p>\n<p>MODO DE EMPLEO Y DOSIS<\/p>\n<p><strong>Libamin<\/strong><sup>\u00ae<\/sup>\u00a0<strong>radicular<\/strong>\u00a0est\u00e1 preparado para ser incorporado al suelo mediante cualquier sistema de riego a todo tipo de cultivos y en cualquier etapa del ciclo vegetativo de las plantas. Aplicado de esta manera logramos un efecto positivo tanto en el desarrollo de la parte radicular como de la parte a\u00e9rea de los cultivos tratados.<\/p>\n<p><strong>Riego localizado:<\/strong> 10 &#8211; 20 l\/ha por aplicaci\u00f3n<\/p>\n","protected":false},"excerpt":{"rendered":"<p>Activador del sistema radicular CARACTER\u00cdSTICAS Libamin\u00ae\u00a0radicular\u00a0es un formulado l\u00edquido a base de NPK con micronutrientes quelatados conteniendo amino\u00e1cidos para la estimulaci\u00f3n del sistema radicular. Libamin\u00ae\u00a0radicular\u00a0es un bioestimulante a base de amino\u00e1cidos y extractos vegetales ricos en compuestos energ\u00e9ticos, especialmente dise\u00f1ado para la estimulaci\u00f3n del sistema radicular. Est\u00e1 especialmente indicado para los momentos de enraizamiento despu\u00e9s [&hellip;]<\/p>\n","protected":false},"featured_media":1345,"comment_status":"open","ping_status":"closed","template":"","meta":{"_acf_changed":false},"product_brand":[],"product_cat":[22],"product_tag":[],"class_list":{"0":"post-188","1":"product","2":"type-product","3":"status-publish","4":"has-post-thumbnail","6":"product_cat-enrraizante","8":"first","9":"instock","10":"shipping-taxable","11":"product-type-simple"},"acf":[],"_links":{"self":[{"href":"https:\/\/alicropsac.com.pe\/index.php\/wp-json\/wp\/v2\/product\/188","targetHints":{"allow":["GET"]}}],"collection":[{"href":"https:\/\/alicropsac.com.pe\/index.php\/wp-json\/wp\/v2\/product"}],"about":[{"href":"https:\/\/alicropsac.com.pe\/index.php\/wp-json\/wp\/v2\/types\/product"}],"replies":[{"embeddable":true,"href":"https:\/\/alicropsac.com.pe\/index.php\/wp-json\/wp\/v2\/comments?post=188"}],"wp:featuredmedia":[{"embeddable":true,"href":"https:\/\/alicropsac.com.pe\/index.php\/wp-json\/wp\/v2\/media\/1345"}],"wp:attachment":[{"href":"https:\/\/alicropsac.com.pe\/index.php\/wp-json\/wp\/v2\/media?parent=188"}],"wp:term":[{"taxonomy":"product_brand","embeddable":true,"href":"https:\/\/alicropsac.com.pe\/index.php\/wp-json\/wp\/v2\/product_brand?post=188"},{"taxonomy":"product_cat","embeddable":true,"href":"https:\/\/alicropsac.com.pe\/index.php\/wp-json\/wp\/v2\/product_cat?post=188"},{"taxonomy":"product_tag","embeddable":true,"href":"https:\/\/alicropsac.com.pe\/index.php\/wp-json\/wp\/v2\/product_tag?post=188"}],"curies":[{"name":"wp","href":"https:\/\/api.w.org\/{rel}","templated":true}]}}