{"id":208,"date":"2025-07-16T13:51:21","date_gmt":"2025-07-16T18:51:21","guid":{"rendered":"https:\/\/alicropsac.com.pe\/?post_type=product&#038;p=208"},"modified":"2025-07-21T11:11:23","modified_gmt":"2025-07-21T16:11:23","slug":"jisaquel-potasio","status":"publish","type":"product","link":"https:\/\/alicropsac.com.pe\/index.php\/producto\/jisaquel-potasio\/","title":{"rendered":"Jisaquel &#8211; Potasio"},"content":{"rendered":"<p><strong>Corrector con alto contenido en potasio con EDTA<\/strong><\/p>\n<p><strong>\u00a0<\/strong><\/p>\n<p>CARACTER\u00cdSTICAS<\/p>\n<p><strong>Jisaquel<\/strong><sup>\u00ae<\/sup>\u00a0<strong>potasio<\/strong>\u00a0es un fertilizante en forma l\u00edquida con alto contenido en potasio (K<sub>2<\/sub>O) con aporte del agente quelante EDTA, que asegura la disponibilidad del Potasio por las plantas, para todo tipo de aguas usadas en las aplicaciones foliares y radiculares.<\/p>\n<p>MODO DE EMPLEO Y DOSIS<\/p>\n<p><strong>Jisaquel<\/strong><sup>\u00ae<\/sup>\u00a0<strong>potasio<\/strong>\u00a0est\u00e1 especialmente indicado para la fase de engorde y maduraci\u00f3n, consigue aumentar el calibre, mejorar la coloraci\u00f3n y las cualidades organol\u00e9pticas de los frutos.<\/p>\n<p>Dosis por aplicaci\u00f3n:<\/p>\n<ul>\n<li><strong>Aplicaci\u00f3n foliar<\/strong>: 150-200 cc\/hl<\/li>\n<li><strong>Aplicaci\u00f3n radicular<\/strong>: 5-10 l\/ha por cada aplicaci\u00f3n.<\/li>\n<\/ul>\n","protected":false},"excerpt":{"rendered":"<p>Corrector con alto contenido en potasio con EDTA \u00a0 CARACTER\u00cdSTICAS Jisaquel\u00ae\u00a0potasio\u00a0es un fertilizante en forma l\u00edquida con alto contenido en potasio (K2O) con aporte del agente quelante EDTA, que asegura la disponibilidad del Potasio por las plantas, para todo tipo de aguas usadas en las aplicaciones foliares y radiculares. MODO DE EMPLEO Y DOSIS Jisaquel\u00ae\u00a0potasio\u00a0est\u00e1 [&hellip;]<\/p>\n","protected":false},"featured_media":1344,"comment_status":"open","ping_status":"closed","template":"","meta":{"_acf_changed":false},"product_brand":[],"product_cat":[24],"product_tag":[],"class_list":{"0":"post-208","1":"product","2":"type-product","3":"status-publish","4":"has-post-thumbnail","6":"product_cat-deficiency-nutrition","8":"first","9":"instock","10":"shipping-taxable","11":"product-type-simple"},"acf":[],"_links":{"self":[{"href":"https:\/\/alicropsac.com.pe\/index.php\/wp-json\/wp\/v2\/product\/208","targetHints":{"allow":["GET"]}}],"collection":[{"href":"https:\/\/alicropsac.com.pe\/index.php\/wp-json\/wp\/v2\/product"}],"about":[{"href":"https:\/\/alicropsac.com.pe\/index.php\/wp-json\/wp\/v2\/types\/product"}],"replies":[{"embeddable":true,"href":"https:\/\/alicropsac.com.pe\/index.php\/wp-json\/wp\/v2\/comments?post=208"}],"wp:featuredmedia":[{"embeddable":true,"href":"https:\/\/alicropsac.com.pe\/index.php\/wp-json\/wp\/v2\/media\/1344"}],"wp:attachment":[{"href":"https:\/\/alicropsac.com.pe\/index.php\/wp-json\/wp\/v2\/media?parent=208"}],"wp:term":[{"taxonomy":"product_brand","embeddable":true,"href":"https:\/\/alicropsac.com.pe\/index.php\/wp-json\/wp\/v2\/product_brand?post=208"},{"taxonomy":"product_cat","embeddable":true,"href":"https:\/\/alicropsac.com.pe\/index.php\/wp-json\/wp\/v2\/product_cat?post=208"},{"taxonomy":"product_tag","embeddable":true,"href":"https:\/\/alicropsac.com.pe\/index.php\/wp-json\/wp\/v2\/product_tag?post=208"}],"curies":[{"name":"wp","href":"https:\/\/api.w.org\/{rel}","templated":true}]}}